he greatest common factor of 76 and 52?
4
What is the highest common divisor of 120 and 72?
24
Calculate the greatest common factor of 444 and 12.
12
Calculate the greatest common divisor of 1064 and 56.
56
Calculate the greatest common divisor of 1044 and 288.
36
What is the greatest common divisor of 1651 and 65?
13
Calculate the greatest common divisor of 16 and 96.
16
Calculate the highest common divisor of 96 and 372.
12
Calculate the greatest common divisor of 782 and 102.
34
What is the greatest common factor of 27060 and 30?
30
What is the greatest common factor of 194 and 2231?
97
What is the greatest common divisor of 45 and 7497?
9
What is the highest common factor of 17010 and 10?
10
What is the greatest common factor of 35 and 1435?
35
Calculate the greatest common factor of 88 and 1078.
22
What is the greatest common divisor of 8 and 712?
8
Calculate the highest common divisor of 242 and 110.
22
What is the greatest common divisor of 361 and 38?
19
What is the highest common factor of 9 and 234?
9
Calculate the greatest common factor of 54 and 24.
6
What is the greatest common divisor of 70 and 98?
14
What is the highest common divisor of 3816 and 12?
12
What is the greatest common factor of 630 and 15?
15
Calculate the greatest common factor of 6525 and 675.
225
What is the highest common factor of 18 and 88?
2
What is the greatest common factor of 16 and 24?
8
What is the greatest common factor of 64 and 5504?
64
Calculate the highest common factor of 112 and 80.
16
What is the greatest common factor of 1491 and 21?
21
What is the highest common factor of 352 and 77?
11
Calculate the highest common factor of 28546 and 14.
14
What is the highest common divisor of 3345 and 55?
5
Calculate the highest common factor of 864 and 4704.
96
Calculate the greatest common factor of 1513 and 34.
17
Calculate the highest common divisor of 336 and 384.
48
Calculate the greatest common factor of 75 and 2075.
25
What is the greatest common factor of 22 and 2?
2
What is the highest common divisor of 20 and 61730?
10
Calculate the greatest common factor of 4589 and 325.
13
Calculate the highest common divisor of 1659 and 84.
21
Calculate the greatest common factor of 132 and 84.
12
What is the greatest common divisor of 418 and 22?
22
Calculate the greatest common divisor of 80 and 70.
10
What is the greatest common divisor of 40 and 9140?
20
Calculate the highest common factor of 13 and 169.
13
What is the greatest common divisor of 54 and 6?
6
Calculate the greatest common factor of 96 and 1668.
12
Calculate the greatest common factor of 781 and 11.
11
Calculate the greatest common divisor of 103 and 23381.
103
Calculate the greatest common divisor of 66 and 33.
33
Calculate the greatest common divisor of 75 and 1320.
15
What is the greatest common divisor of 1458 and 18?
18
Calculate the greatest common factor of 456 and 96.
24
What is the highest common divisor of 950 and 76?
38
Calculate the highest common factor of 335 and 1139.
67
Calculate the highest common factor of 171 and 45.
9
Calculate the highest common divisor of 693 and 504.
63
Calculate the greatest common divisor of 64 and 832.
64
Calculate the greatest common factor of 1417 and 13.
13
Calculate the greatest common divisor of 120 and 920.
40
Calculate the highest common factor of 1705 and 22.
11
What is the greatest common factor of 1814 and 2?
2
Calculate the greatest common divisor of 315 and 15.
15
Calculate the highest common factor of 225 and 5.
5
Calculate the highest common divisor of 330 and 60.
30
Calculate the highest common factor of 9 and 159.
3
Calculate the greatest common factor of 69 and 6.
3
Calculate the highest common divisor of 6935 and 10.
5
Calculate the greatest common divisor of 135 and 189.
27
Calculate the highest common factor of 407 and 11.
11
What is the highest common divisor of 72 and 32?
8
What is the greatest common factor of 54 and 999?
27
What is the greatest common divisor of 7 and 37?
1
Calculate the greatest common factor of 987 and 42.
21
Calculate the highest common factor of 259 and 74.
37
What is the greatest common divisor of 1260 and 120?
60
What is the highest common factor of 1 and 107?
1
What is the highest common divisor of 17473 and 303?
101
What is the highest common factor of 1661 and 11?
11
What is the highest common factor of 350 and 50?
50
Calculate the greatest common divisor of 935 and 255.
85
Calculate the highest common factor of 16 and 10504.
8
Calculate the highest common factor of 4950 and 33.
33
Calculate the highest common divisor of 1169 and 3006.
167
Calculate the greatest common factor of 34 and 578.
34
Calculate the highest common divisor of 6 and 1923.
3
Calculate the highest common divisor of 405 and 2700.
135
What is the highest common factor of 39 and 21?
3
Calculate the highest common factor of 11 and 3641.
11
Calculate the greatest common divisor of 115 and 12.
1
Calculate the highest common divisor of 80 and 304.
16
What is the highest common factor of 51 and 6511?
17
Calculate the highest common factor of 242 and 418.
22
What is the greatest common factor of 12 and 384?
12
What is the highest common divisor of 564 and 48?
12
Calculate the highest common divisor of 129 and 989.
43
What is the highest common factor of 189 and 861?
21
Calculate the greatest common factor of 63 and 21.
21
Calculate the highest common divisor of 216 and 48.
24
What is the greatest common factor of 5203 and 43?
43
Calculate the highest common divisor of 238 and 1802.
34
What is the highest common factor of 12464 and 1216?
304
Calculate the greatest common factor of 534 and 12.
6
What is the greatest common divisor of 15 and 15465?
15
What is the highest common factor of 4850 and 194?
194
What is the highest common divisor of 13 and 2197?
13
What is the greatest common divisor of 889 and 7239?
127
What is the highest common divisor of 5 and 260?
5
Calculate the highest common factor of 117 and 54.
9
Calculate the highest common factor of 13 and 169.
13
What is the highest common factor of 528 and 12?
12
What is the highest common divisor of 12 and 564?
12
What is the highest common factor of 120 and 1695?
15
What is the highest common divisor of 650 and 250?
50
Calculate the highest common divisor of 8 and 1912.
8
Calculate the greatest common factor of 155 and 496.
31
What is the greatest common divisor of 83627 and 241?
241
Calculate the highest common factor of 1950 and 312.
78
What is the highest common factor of 147 and 1071?
21
Calculate the highest common factor of 164 and 451.
41
What is the greatest common divisor of 106 and 583?
53
What is the highest common divisor of 51 and 25602?
51
Calculate the greatest common divisor of 456 and 120.
24
Calculate the greatest common factor of 10 and 130.
10
What is the highest common factor of 592 and 111?
37
What is the greatest common divisor of 175 and 8505?
35
Calculate the highest common factor of 270 and 702.
54
Calculate the highest common divisor of 2068 and 88.
44
What is the greatest common divisor of 495 and 55?
55
Calculate the highest common divisor of 580 and 220.
20
Calculate the highest common divisor of 4140 and 180.
180
Calculate the highest common factor of 595 and 357.
119
What is the greatest common divisor of 176 and 22528?
176
What is the greatest common factor of 1425 and 75?
75
Calculate the highest common factor of 16 and 1584.
16
What is the greatest common divisor of 99 and 276?
3
Calculate the highest common factor of 1834 and 35.
7
Calculate the highest common factor of 170 and 34.
34
What is the greatest common divisor of 2587 and 13?
13
Calculate the highest common factor of 37 and 111.
37
Calculate the highest common divisor of 506 and 46.
46
Calculate the greatest common divisor of 246 and 1394.
82
Calculate the greatest common divisor of 4 and 202.
2
What is the highest common factor of 33 and 242?
11
What is the highest common factor of 16 and 8?
8
Calculate the greatest common factor of 400 and 96.
16
Calculate the highest common divisor of 32 and 60064.
32
Calculate the greatest common factor of 318 and 159.
159
Calculate the highest common divisor of 32 and 200.
8
What is the greatest common factor of 9 and 20853?
9
What is the highest